{"id":47,"date":"2015-12-05T05:57:02","date_gmt":"2015-12-05T05:57:02","guid":{"rendered":"http:\/\/piekarniajw.pl\/?page_id=47"},"modified":"2026-03-20T08:54:29","modified_gmt":"2026-03-20T08:54:29","slug":"praca","status":"publish","type":"page","link":"https:\/\/piekarniawitaszczyk.pl\/?page_id=47","title":{"rendered":"PRACA"},"content":{"rendered":"<p style=\"text-align: justify;\">Og\u0142oszenia o prac\u0119 s\u0105 okresowo publikowane na portalach og\u0142oszeniowych i wywieszone w naszych sklepach. Je\u017celi b\u0119d\u0105 Pa\u0144stwo zainteresowani pracowa\u0107 z nami, prosz\u0119 przes\u0142a\u0107 CV na nast\u0119puj\u0105cy adres mailowy: <a href=\"mailto:biuro@piekarniawitaszczyk.pl\">biuro@piekarniawitaszczyk.pl,<\/a> przyj\u015b\u0107 osobi\u015bcie do biura Piekarni przy ul. Dworcowej 1 w Milan\u00f3wku (przy dworcu PKP) codziennie od poniedzia\u0142ku do pi\u0105tku w godzinach 9:00 &#8211; 16.00 lub zadzwoni\u0107 pod numer telefonu 22 755 82 60.<\/p>\n","protected":false},"excerpt":{"rendered":"<p>Og\u0142oszenia o prac\u0119 s\u0105 okresowo publikowane na portalach og\u0142oszeniowych i wywieszone w naszych sklepach. Je\u017celi b\u0119d\u0105 Pa\u0144stwo zainteresowani pracowa\u0107 z nami, prosz\u0119 przes\u0142a\u0107 CV na nast\u0119puj\u0105cy adres mailowy: biuro@piekarniawitaszczyk.pl, przyj\u015b\u0107 osobi\u015bcie do biura Piekarni przy ul. Dworcowej 1 w Milan\u00f3wku (przy dworcu PKP) codziennie od poniedzia\u0142ku do pi\u0105tku w godzinach 9:00 &#8211; 16.00 lub zadzwoni\u0107 pod numer telefonu 22 755 82 60.<\/p>\n","protected":false},"author":1,"featured_media":0,"parent":0,"menu_order":4,"comment_status":"closed","ping_status":"closed","template":"template-no-sidebar.php","meta":{"footnotes":""},"class_list":["post-47","page","type-page","status-publish","hentry"],"yoast_head":"<!-- This site is optimized with the Yoast SEO plugin v27.2 - https:\/\/yoast.com\/product\/yoast-seo-wordpress\/ -->\n<title>PRACA - Piekarnia Witaszczyk \u2013 tradycyjna piekarnia w Milan\u00f3wku<\/title>\n<meta name=\"description\" content=\"Praca w piekarni\" \/>\n<meta name=\"robots\" content=\"index, follow, max-snippet:-1, max-image-preview:large, max-video-preview:-1\" \/>\n<link rel=\"canonical\" href=\"https:\/\/piekarniawitaszczyk.pl\/?page_id=47\" \/>\n<meta property=\"og:locale\" content=\"pl_PL\" \/>\n<meta property=\"og:type\" content=\"article\" \/>\n<meta property=\"og:title\" content=\"PRACA - Piekarnia Witaszczyk \u2013 tradycyjna piekarnia w Milan\u00f3wku\" \/>\n<meta property=\"og:description\" content=\"Praca w piekarni\" \/>\n<meta property=\"og:url\" content=\"https:\/\/piekarniawitaszczyk.pl\/?page_id=47\" \/>\n<meta property=\"og:site_name\" content=\"Piekarnia Witaszczyk \u2013 tradycyjna piekarnia w Milan\u00f3wku\" \/>\n<meta property=\"article:publisher\" content=\"https:\/\/www.facebook.com\/piekarniawitaszczyk\" \/>\n<meta property=\"article:modified_time\" content=\"2026-03-20T08:54:29+00:00\" \/>\n<meta name=\"twitter:card\" content=\"summary_large_image\" \/>\n<meta name=\"twitter:label1\" content=\"Szacowany czas czytania\" \/>\n\t<meta name=\"twitter:data1\" content=\"1 minuta\" \/>\n<script type=\"application\/ld+json\" class=\"yoast-schema-graph\">{\"@context\":\"https:\/\/schema.org\",\"@graph\":[{\"@type\":\"WebPage\",\"@id\":\"https:\/\/piekarniawitaszczyk.pl\/?page_id=47\",\"url\":\"https:\/\/piekarniawitaszczyk.pl\/?page_id=47\",\"name\":\"PRACA - Piekarnia Witaszczyk \u2013 tradycyjna piekarnia w Milan\u00f3wku\",\"isPartOf\":{\"@id\":\"https:\/\/piekarniawitaszczyk.pl\/#website\"},\"datePublished\":\"2015-12-05T05:57:02+00:00\",\"dateModified\":\"2026-03-20T08:54:29+00:00\",\"description\":\"Praca w piekarni\",\"breadcrumb\":{\"@id\":\"https:\/\/piekarniawitaszczyk.pl\/?page_id=47#breadcrumb\"},\"inLanguage\":\"pl-PL\",\"potentialAction\":[{\"@type\":\"ReadAction\",\"target\":[\"https:\/\/piekarniawitaszczyk.pl\/?page_id=47\"]}]},{\"@type\":\"BreadcrumbList\",\"@id\":\"https:\/\/piekarniawitaszczyk.pl\/?page_id=47#breadcrumb\",\"itemListElement\":[{\"@type\":\"ListItem\",\"position\":1,\"name\":\"Strona g\u0142\u00f3wna\",\"item\":\"https:\/\/piekarniawitaszczyk.pl\/\"},{\"@type\":\"ListItem\",\"position\":2,\"name\":\"PRACA\"}]},{\"@type\":\"WebSite\",\"@id\":\"https:\/\/piekarniawitaszczyk.pl\/#website\",\"url\":\"https:\/\/piekarniawitaszczyk.pl\/\",\"name\":\"Piekarnia Witaszczyk \u2013 tradycyjna piekarnia w Milan\u00f3wku\",\"description\":\"Chleb na zakwasie, ciasta, sklepo-kawiarnie \u2013 Milan\u00f3wek, Grodzisk Mazowiecki, Brwin\u00f3w, Otr\u0119busy, Jaktor\u00f3w, Mi\u0119dzybor\u00f3w, \u017byrard\u00f3w\",\"publisher\":{\"@id\":\"https:\/\/piekarniawitaszczyk.pl\/#organization\"},\"potentialAction\":[{\"@type\":\"SearchAction\",\"target\":{\"@type\":\"EntryPoint\",\"urlTemplate\":\"https:\/\/piekarniawitaszczyk.pl\/?s={search_term_string}\"},\"query-input\":{\"@type\":\"PropertyValueSpecification\",\"valueRequired\":true,\"valueName\":\"search_term_string\"}}],\"inLanguage\":\"pl-PL\"},{\"@type\":\"Organization\",\"@id\":\"https:\/\/piekarniawitaszczyk.pl\/#organization\",\"name\":\"Piekarnia Witaszczyk zp. z o.o.\",\"url\":\"https:\/\/piekarniawitaszczyk.pl\/\",\"logo\":{\"@type\":\"ImageObject\",\"inLanguage\":\"pl-PL\",\"@id\":\"https:\/\/piekarniawitaszczyk.pl\/#\/schema\/logo\/image\/\",\"url\":\"https:\/\/piekarniawitaszczyk.pl\/wp-content\/uploads\/2020\/03\/logo.jpg\",\"contentUrl\":\"https:\/\/piekarniawitaszczyk.pl\/wp-content\/uploads\/2020\/03\/logo.jpg\",\"width\":298,\"height\":287,\"caption\":\"Piekarnia Witaszczyk zp. z o.o.\"},\"image\":{\"@id\":\"https:\/\/piekarniawitaszczyk.pl\/#\/schema\/logo\/image\/\"},\"sameAs\":[\"https:\/\/www.facebook.com\/piekarniawitaszczyk\"]}]}<\/script>\n<!-- \/ Yoast SEO plugin. -->","yoast_head_json":{"title":"PRACA - Piekarnia Witaszczyk \u2013 tradycyjna piekarnia w Milan\u00f3wku","description":"Praca w piekarni","robots":{"index":"index","follow":"follow","max-snippet":"max-snippet:-1","max-image-preview":"max-image-preview:large","max-video-preview":"max-video-preview:-1"},"canonical":"https:\/\/piekarniawitaszczyk.pl\/?page_id=47","og_locale":"pl_PL","og_type":"article","og_title":"PRACA - Piekarnia Witaszczyk \u2013 tradycyjna piekarnia w Milan\u00f3wku","og_description":"Praca w piekarni","og_url":"https:\/\/piekarniawitaszczyk.pl\/?page_id=47","og_site_name":"Piekarnia Witaszczyk \u2013 tradycyjna piekarnia w Milan\u00f3wku","article_publisher":"https:\/\/www.facebook.com\/piekarniawitaszczyk","article_modified_time":"2026-03-20T08:54:29+00:00","twitter_card":"summary_large_image","twitter_misc":{"Szacowany czas czytania":"1 minuta"},"schema":{"@context":"https:\/\/schema.org","@graph":[{"@type":"WebPage","@id":"https:\/\/piekarniawitaszczyk.pl\/?page_id=47","url":"https:\/\/piekarniawitaszczyk.pl\/?page_id=47","name":"PRACA - Piekarnia Witaszczyk \u2013 tradycyjna piekarnia w Milan\u00f3wku","isPartOf":{"@id":"https:\/\/piekarniawitaszczyk.pl\/#website"},"datePublished":"2015-12-05T05:57:02+00:00","dateModified":"2026-03-20T08:54:29+00:00","description":"Praca w piekarni","breadcrumb":{"@id":"https:\/\/piekarniawitaszczyk.pl\/?page_id=47#breadcrumb"},"inLanguage":"pl-PL","potentialAction":[{"@type":"ReadAction","target":["https:\/\/piekarniawitaszczyk.pl\/?page_id=47"]}]},{"@type":"BreadcrumbList","@id":"https:\/\/piekarniawitaszczyk.pl\/?page_id=47#breadcrumb","itemListElement":[{"@type":"ListItem","position":1,"name":"Strona g\u0142\u00f3wna","item":"https:\/\/piekarniawitaszczyk.pl\/"},{"@type":"ListItem","position":2,"name":"PRACA"}]},{"@type":"WebSite","@id":"https:\/\/piekarniawitaszczyk.pl\/#website","url":"https:\/\/piekarniawitaszczyk.pl\/","name":"Piekarnia Witaszczyk \u2013 tradycyjna piekarnia w Milan\u00f3wku","description":"Chleb na zakwasie, ciasta, sklepo-kawiarnie \u2013 Milan\u00f3wek, Grodzisk Mazowiecki, Brwin\u00f3w, Otr\u0119busy, Jaktor\u00f3w, Mi\u0119dzybor\u00f3w, \u017byrard\u00f3w","publisher":{"@id":"https:\/\/piekarniawitaszczyk.pl\/#organization"},"potentialAction":[{"@type":"SearchAction","target":{"@type":"EntryPoint","urlTemplate":"https:\/\/piekarniawitaszczyk.pl\/?s={search_term_string}"},"query-input":{"@type":"PropertyValueSpecification","valueRequired":true,"valueName":"search_term_string"}}],"inLanguage":"pl-PL"},{"@type":"Organization","@id":"https:\/\/piekarniawitaszczyk.pl\/#organization","name":"Piekarnia Witaszczyk zp. z o.o.","url":"https:\/\/piekarniawitaszczyk.pl\/","logo":{"@type":"ImageObject","inLanguage":"pl-PL","@id":"https:\/\/piekarniawitaszczyk.pl\/#\/schema\/logo\/image\/","url":"https:\/\/piekarniawitaszczyk.pl\/wp-content\/uploads\/2020\/03\/logo.jpg","contentUrl":"https:\/\/piekarniawitaszczyk.pl\/wp-content\/uploads\/2020\/03\/logo.jpg","width":298,"height":287,"caption":"Piekarnia Witaszczyk zp. z o.o."},"image":{"@id":"https:\/\/piekarniawitaszczyk.pl\/#\/schema\/logo\/image\/"},"sameAs":["https:\/\/www.facebook.com\/piekarniawitaszczyk"]}]}},"_links":{"self":[{"href":"https:\/\/piekarniawitaszczyk.pl\/index.php?rest_route=\/wp\/v2\/pages\/47","targetHints":{"allow":["GET"]}}],"collection":[{"href":"https:\/\/piekarniawitaszczyk.pl\/index.php?rest_route=\/wp\/v2\/pages"}],"about":[{"href":"https:\/\/piekarniawitaszczyk.pl\/index.php?rest_route=\/wp\/v2\/types\/page"}],"author":[{"embeddable":true,"href":"https:\/\/piekarniawitaszczyk.pl\/index.php?rest_route=\/wp\/v2\/users\/1"}],"replies":[{"embeddable":true,"href":"https:\/\/piekarniawitaszczyk.pl\/index.php?rest_route=%2Fwp%2Fv2%2Fcomments&post=47"}],"version-history":[{"count":10,"href":"https:\/\/piekarniawitaszczyk.pl\/index.php?rest_route=\/wp\/v2\/pages\/47\/revisions"}],"predecessor-version":[{"id":1169,"href":"https:\/\/piekarniawitaszczyk.pl\/index.php?rest_route=\/wp\/v2\/pages\/47\/revisions\/1169"}],"wp:attachment":[{"href":"https:\/\/piekarniawitaszczyk.pl\/index.php?rest_route=%2Fwp%2Fv2%2Fmedia&parent=47"}],"curies":[{"name":"wp","href":"https:\/\/api.w.org\/{rel}","templated":true}]}}

<p style="text-align: justify;">Ogłoszenia o pracę są okresowo publikowane na portalach ogłoszeniowych i wywieszone w naszych sklepach. Jeżeli będą Państwo zainteresowani pracować z nami, proszę przesłać CV na następujący adres mailowy: <a href="mailto:biuro@piekarniawitaszczyk.pl">biuro@piekarniawitaszczyk.pl,</a> przyjść osobiście do biura Piekarni przy ul. Dworcowej 1 w Milanówku (przy dworcu PKP) codziennie od poniedziałku do piątku w godzinach 9:00 &#8211; 16.00 lub zadzwonić pod numer telefonu 22 755 82 60.</p>

<p>Ogłoszenia o pracę są okresowo publikowane na portalach ogłoszeniowych i wywieszone w naszych sklepach. Jeżeli będą Państwo zainteresowani pracować z nami, proszę przesłać CV na następujący adres mailowy: biuro@piekarniawitaszczyk.pl, przyjść osobiście do biura Piekarni przy ul. Dworcowej 1 w Milanówku (przy dworcu PKP) codziennie od poniedziałku do piątku w godzinach 9:00 &#8211; 16.00 lub zadzwonić pod numer telefonu 22 755 82 60.</p>

<!-- This site is optimized with the Yoast SEO plugin v27.2 - https://yoast.com/product/yoast-seo-wordpress/ -->
<title>PRACA - Piekarnia Witaszczyk – tradycyjna piekarnia w Milanówku</title>
<meta name="description" content="Praca w piekarni" />
<meta name="robots" content="index, follow, max-snippet:-1, max-image-preview:large, max-video-preview:-1" />
<link rel="canonical" href="https://piekarniawitaszczyk.pl/?page_id=47" />
<meta property="og:locale" content="pl_PL" />
<meta property="og:type" content="article" />
<meta property="og:title" content="PRACA - Piekarnia Witaszczyk – tradycyjna piekarnia w Milanówku" />
<meta property="og:description" content="Praca w piekarni" />
<meta property="og:url" content="https://piekarniawitaszczyk.pl/?page_id=47" />
<meta property="og:site_name" content="Piekarnia Witaszczyk – tradycyjna piekarnia w Milanówku" />
<meta property="article:publisher" content="https://www.facebook.com/piekarniawitaszczyk" />
<meta property="article:modified_time" content="2026-03-20T08:54:29+00:00" />
<meta name="twitter:card" content="summary_large_image" />
<meta name="twitter:label1" content="Szacowany czas czytania" />
	<meta name="twitter:data1" content="1 minuta" />
<script type="application/ld+json" class="yoast-schema-graph">{"@context":"https://schema.org","@graph":[{"@type":"WebPage","@id":"https://piekarniawitaszczyk.pl/?page_id=47","url":"https://piekarniawitaszczyk.pl/?page_id=47","name":"PRACA - Piekarnia Witaszczyk – tradycyjna piekarnia w Milanówku","isPartOf":{"@id":"https://piekarniawitaszczyk.pl/#website"},"datePublished":"2015-12-05T05:57:02+00:00","dateModified":"2026-03-20T08:54:29+00:00","description":"Praca w piekarni","breadcrumb":{"@id":"https://piekarniawitaszczyk.pl/?page_id=47#breadcrumb"},"inLanguage":"pl-PL","potentialAction":[{"@type":"ReadAction","target":["https://piekarniawitaszczyk.pl/?page_id=47"]}]},{"@type":"BreadcrumbList","@id":"https://piekarniawitaszczyk.pl/?page_id=47#breadcrumb","itemListElement":[{"@type":"ListItem","position":1,"name":"Strona główna","item":"https://piekarniawitaszczyk.pl/"},{"@type":"ListItem","position":2,"name":"PRACA"}]},{"@type":"WebSite","@id":"https://piekarniawitaszczyk.pl/#website","url":"https://piekarniawitaszczyk.pl/","name":"Piekarnia Witaszczyk – tradycyjna piekarnia w Milanówku","description":"Chleb na zakwasie, ciasta, sklepo-kawiarnie – Milanówek, Grodzisk Mazowiecki, Brwinów, Otrębusy, Jaktorów, Międzyborów, Żyrardów","publisher":{"@id":"https://piekarniawitaszczyk.pl/#organization"},"potentialAction":[{"@type":"SearchAction","target":{"@type":"EntryPoint","urlTemplate":"https://piekarniawitaszczyk.pl/?s={search_term_string}"},"query-input":{"@type":"PropertyValueSpecification","valueRequired":true,"valueName":"search_term_string"}}],"inLanguage":"pl-PL"},{"@type":"Organization","@id":"https://piekarniawitaszczyk.pl/#organization","name":"Piekarnia Witaszczyk zp. z o.o.","url":"https://piekarniawitaszczyk.pl/","logo":{"@type":"ImageObject","inLanguage":"pl-PL","@id":"https://piekarniawitaszczyk.pl/#/schema/logo/image/","url":"https://piekarniawitaszczyk.pl/wp-content/uploads/2020/03/logo.jpg","contentUrl":"https://piekarniawitaszczyk.pl/wp-content/uploads/2020/03/logo.jpg","width":298,"height":287,"caption":"Piekarnia Witaszczyk zp. z o.o."},"image":{"@id":"https://piekarniawitaszczyk.pl/#/schema/logo/image/"},"sameAs":["https://www.facebook.com/piekarniawitaszczyk"]}]}</script>
<!-- / Yoast SEO plugin. -->

PRACA - Piekarnia Witaszczyk – tradycyjna piekarnia w Milanówku

Piekarnia Witaszczyk – tradycyjna piekarnia w Milanówku

Strona główna

Chleb na zakwasie, ciasta, sklepo-kawiarnie – Milanówek, Grodzisk Mazowiecki, Brwinów, Otrębusy, Jaktorów, Międzyborów, Żyrardów
