{"id":49,"date":"2015-12-05T05:57:16","date_gmt":"2015-12-05T05:57:16","guid":{"rendered":"http:\/\/piekarniajw.pl\/?page_id=49"},"modified":"2026-03-26T11:57:42","modified_gmt":"2026-03-26T10:57:42","slug":"kontakt","status":"publish","type":"page","link":"https:\/\/piekarniawitaszczyk.pl\/?page_id=49","title":{"rendered":"Kontakt \u2013 Piekarnia Witaszczyk"},"content":{"rendered":"<p class=\"font-claude-response-body break-words whitespace-normal leading-[1.7]\">Skontaktuj si\u0119 z nami<\/p>\n<p class=\"font-claude-response-body break-words whitespace-normal leading-[1.7]\">Piekarnia Witaszczyk Sp. z o.o. ul. Dworcowa 1, 05-822 Milan\u00f3wek NIP: 529-183-84-94 Tel.: 22 755 82 60 E-mail: <a class=\"underline underline underline-offset-2 decoration-1 decoration-current\/40 hover:decoration-current focus:decoration-current\" href=\"mailto:biuro@piekarniawitaszczyk.pl\">biuro@piekarniawitaszczyk.pl<\/a> Godziny pracy: Poniedzia\u0142ek\u2013Pi\u0105tek 5:00\u201319:00 | Sobota 5:00\u201314:00<\/p>\n<p class=\"font-claude-response-body break-words whitespace-normal leading-[1.7]\">Przyjmujemy zam\u00f3wienia na torty, ciasta okoliczno\u015bciowe oraz wi\u0119ksze ilo\u015bci pieczywa dla firm i instytucji. Napisz lub zadzwo\u0144 \u2014 odpowiemy tak szybko, jak to mo\u017cliwe.<\/p>\n<p><iframe loading=\"lazy\" style=\"border: 0;\" src=\"https:\/\/www.google.com\/maps\/embed?pb=!1m18!1m12!1m3!1d1456.4858355113847!2d20.6660940411793!3d52.125090420808846!2m3!1f0!2f0!3f0!3m2!1i1024!2i768!4f13.1!3m3!1m2!1s0x47194902c3215a89%3A0x4e3d78161c38ad66!2sWitaszczyk+Janusz.+Piekarnia!5e0!3m2!1spl!2spl!4v1456139862601\" width=\"400\" height=\"300\" frameborder=\"0\" allowfullscreen=\"allowfullscreen\"><span data-mce-type=\"bookmark\" style=\"display: inline-block; width: 0px; overflow: hidden; line-height: 0;\" class=\"mce_SELRES_start\">\ufeff<\/span><\/iframe><\/p>\n","protected":false},"excerpt":{"rendered":"<p>Skontaktuj si\u0119 z nami Piekarnia Witaszczyk Sp. z o.o. ul. Dworcowa 1, 05-822 Milan\u00f3wek NIP: 529-183-84-94 Tel.: 22 755 82 60 E-mail: biuro@piekarniawitaszczyk.pl Godziny pracy: Poniedzia\u0142ek\u2013Pi\u0105tek 5:00\u201319:00 | Sobota 5:00\u201314:00 Przyjmujemy zam\u00f3wienia na torty, ciasta okoliczno\u015bciowe oraz wi\u0119ksze ilo\u015bci pieczywa dla firm i instytucji. Napisz lub zadzwo\u0144 \u2014 odpowiemy tak szybko, jak to mo\u017cliwe. \ufeff<\/p>\n","protected":false},"author":1,"featured_media":0,"parent":0,"menu_order":5,"comment_status":"closed","ping_status":"closed","template":"template-contact.php","meta":{"footnotes":""},"class_list":["post-49","page","type-page","status-publish","hentry"],"yoast_head":"<!-- This site is optimized with the Yoast SEO plugin v27.2 - https:\/\/yoast.com\/product\/yoast-seo-wordpress\/ -->\n<title>Kontakt \u2013 Piekarnia Witaszczyk | tel. 22 755 82 60, Milan\u00f3wek<\/title>\n<meta name=\"description\" content=\"Skontaktuj si\u0119 z Piekarni\u0105 Witaszczyk. Zam\u00f3wienia na torty i ciasta, pytania o produkty i sklepy. Tel. 22 755 82 60 lub biuro@piekarniawitaszczyk.pl\" \/>\n<meta name=\"robots\" content=\"index, follow, max-snippet:-1, max-image-preview:large, max-video-preview:-1\" \/>\n<link rel=\"canonical\" href=\"https:\/\/piekarniawitaszczyk.pl\/?page_id=49\" \/>\n<meta property=\"og:locale\" content=\"pl_PL\" \/>\n<meta property=\"og:type\" content=\"article\" \/>\n<meta property=\"og:title\" content=\"Kontakt \u2013 Piekarnia Witaszczyk | tel. 22 755 82 60, Milan\u00f3wek\" \/>\n<meta property=\"og:description\" content=\"Skontaktuj si\u0119 z Piekarni\u0105 Witaszczyk. Zam\u00f3wienia na torty i ciasta, pytania o produkty i sklepy. Tel. 22 755 82 60 lub biuro@piekarniawitaszczyk.pl\" \/>\n<meta property=\"og:url\" content=\"https:\/\/piekarniawitaszczyk.pl\/?page_id=49\" \/>\n<meta property=\"og:site_name\" content=\"Piekarnia Witaszczyk \u2013 tradycyjna piekarnia w Milan\u00f3wku\" \/>\n<meta property=\"article:publisher\" content=\"https:\/\/www.facebook.com\/piekarniawitaszczyk\" \/>\n<meta property=\"article:modified_time\" content=\"2026-03-26T10:57:42+00:00\" \/>\n<meta name=\"twitter:card\" content=\"summary_large_image\" \/>\n<meta name=\"twitter:label1\" content=\"Szacowany czas czytania\" \/>\n\t<meta name=\"twitter:data1\" content=\"1 minuta\" \/>\n<script type=\"application\/ld+json\" class=\"yoast-schema-graph\">{\"@context\":\"https:\/\/schema.org\",\"@graph\":[{\"@type\":\"WebPage\",\"@id\":\"https:\/\/piekarniawitaszczyk.pl\/?page_id=49\",\"url\":\"https:\/\/piekarniawitaszczyk.pl\/?page_id=49\",\"name\":\"Kontakt \u2013 Piekarnia Witaszczyk | tel. 22 755 82 60, Milan\u00f3wek\",\"isPartOf\":{\"@id\":\"https:\/\/piekarniawitaszczyk.pl\/#website\"},\"datePublished\":\"2015-12-05T05:57:16+00:00\",\"dateModified\":\"2026-03-26T10:57:42+00:00\",\"description\":\"Skontaktuj si\u0119 z Piekarni\u0105 Witaszczyk. Zam\u00f3wienia na torty i ciasta, pytania o produkty i sklepy. Tel. 22 755 82 60 lub biuro@piekarniawitaszczyk.pl\",\"breadcrumb\":{\"@id\":\"https:\/\/piekarniawitaszczyk.pl\/?page_id=49#breadcrumb\"},\"inLanguage\":\"pl-PL\",\"potentialAction\":[{\"@type\":\"ReadAction\",\"target\":[\"https:\/\/piekarniawitaszczyk.pl\/?page_id=49\"]}]},{\"@type\":\"BreadcrumbList\",\"@id\":\"https:\/\/piekarniawitaszczyk.pl\/?page_id=49#breadcrumb\",\"itemListElement\":[{\"@type\":\"ListItem\",\"position\":1,\"name\":\"Strona g\u0142\u00f3wna\",\"item\":\"https:\/\/piekarniawitaszczyk.pl\/\"},{\"@type\":\"ListItem\",\"position\":2,\"name\":\"Kontakt \u2013 Piekarnia Witaszczyk\"}]},{\"@type\":\"WebSite\",\"@id\":\"https:\/\/piekarniawitaszczyk.pl\/#website\",\"url\":\"https:\/\/piekarniawitaszczyk.pl\/\",\"name\":\"Piekarnia Witaszczyk \u2013 tradycyjna piekarnia w Milan\u00f3wku\",\"description\":\"Chleb na zakwasie, ciasta, sklepo-kawiarnie \u2013 Milan\u00f3wek, Grodzisk Mazowiecki, Brwin\u00f3w, Otr\u0119busy, Jaktor\u00f3w, Mi\u0119dzybor\u00f3w, \u017byrard\u00f3w\",\"publisher\":{\"@id\":\"https:\/\/piekarniawitaszczyk.pl\/#organization\"},\"potentialAction\":[{\"@type\":\"SearchAction\",\"target\":{\"@type\":\"EntryPoint\",\"urlTemplate\":\"https:\/\/piekarniawitaszczyk.pl\/?s={search_term_string}\"},\"query-input\":{\"@type\":\"PropertyValueSpecification\",\"valueRequired\":true,\"valueName\":\"search_term_string\"}}],\"inLanguage\":\"pl-PL\"},{\"@type\":\"Organization\",\"@id\":\"https:\/\/piekarniawitaszczyk.pl\/#organization\",\"name\":\"Piekarnia Witaszczyk zp. z o.o.\",\"url\":\"https:\/\/piekarniawitaszczyk.pl\/\",\"logo\":{\"@type\":\"ImageObject\",\"inLanguage\":\"pl-PL\",\"@id\":\"https:\/\/piekarniawitaszczyk.pl\/#\/schema\/logo\/image\/\",\"url\":\"https:\/\/piekarniawitaszczyk.pl\/wp-content\/uploads\/2020\/03\/logo.jpg\",\"contentUrl\":\"https:\/\/piekarniawitaszczyk.pl\/wp-content\/uploads\/2020\/03\/logo.jpg\",\"width\":298,\"height\":287,\"caption\":\"Piekarnia Witaszczyk zp. z o.o.\"},\"image\":{\"@id\":\"https:\/\/piekarniawitaszczyk.pl\/#\/schema\/logo\/image\/\"},\"sameAs\":[\"https:\/\/www.facebook.com\/piekarniawitaszczyk\"]}]}<\/script>\n<!-- \/ Yoast SEO plugin. -->","yoast_head_json":{"title":"Kontakt \u2013 Piekarnia Witaszczyk | tel. 22 755 82 60, Milan\u00f3wek","description":"Skontaktuj si\u0119 z Piekarni\u0105 Witaszczyk. Zam\u00f3wienia na torty i ciasta, pytania o produkty i sklepy. Tel. 22 755 82 60 lub biuro@piekarniawitaszczyk.pl","robots":{"index":"index","follow":"follow","max-snippet":"max-snippet:-1","max-image-preview":"max-image-preview:large","max-video-preview":"max-video-preview:-1"},"canonical":"https:\/\/piekarniawitaszczyk.pl\/?page_id=49","og_locale":"pl_PL","og_type":"article","og_title":"Kontakt \u2013 Piekarnia Witaszczyk | tel. 22 755 82 60, Milan\u00f3wek","og_description":"Skontaktuj si\u0119 z Piekarni\u0105 Witaszczyk. Zam\u00f3wienia na torty i ciasta, pytania o produkty i sklepy. Tel. 22 755 82 60 lub biuro@piekarniawitaszczyk.pl","og_url":"https:\/\/piekarniawitaszczyk.pl\/?page_id=49","og_site_name":"Piekarnia Witaszczyk \u2013 tradycyjna piekarnia w Milan\u00f3wku","article_publisher":"https:\/\/www.facebook.com\/piekarniawitaszczyk","article_modified_time":"2026-03-26T10:57:42+00:00","twitter_card":"summary_large_image","twitter_misc":{"Szacowany czas czytania":"1 minuta"},"schema":{"@context":"https:\/\/schema.org","@graph":[{"@type":"WebPage","@id":"https:\/\/piekarniawitaszczyk.pl\/?page_id=49","url":"https:\/\/piekarniawitaszczyk.pl\/?page_id=49","name":"Kontakt \u2013 Piekarnia Witaszczyk | tel. 22 755 82 60, Milan\u00f3wek","isPartOf":{"@id":"https:\/\/piekarniawitaszczyk.pl\/#website"},"datePublished":"2015-12-05T05:57:16+00:00","dateModified":"2026-03-26T10:57:42+00:00","description":"Skontaktuj si\u0119 z Piekarni\u0105 Witaszczyk. Zam\u00f3wienia na torty i ciasta, pytania o produkty i sklepy. Tel. 22 755 82 60 lub biuro@piekarniawitaszczyk.pl","breadcrumb":{"@id":"https:\/\/piekarniawitaszczyk.pl\/?page_id=49#breadcrumb"},"inLanguage":"pl-PL","potentialAction":[{"@type":"ReadAction","target":["https:\/\/piekarniawitaszczyk.pl\/?page_id=49"]}]},{"@type":"BreadcrumbList","@id":"https:\/\/piekarniawitaszczyk.pl\/?page_id=49#breadcrumb","itemListElement":[{"@type":"ListItem","position":1,"name":"Strona g\u0142\u00f3wna","item":"https:\/\/piekarniawitaszczyk.pl\/"},{"@type":"ListItem","position":2,"name":"Kontakt \u2013 Piekarnia Witaszczyk"}]},{"@type":"WebSite","@id":"https:\/\/piekarniawitaszczyk.pl\/#website","url":"https:\/\/piekarniawitaszczyk.pl\/","name":"Piekarnia Witaszczyk \u2013 tradycyjna piekarnia w Milan\u00f3wku","description":"Chleb na zakwasie, ciasta, sklepo-kawiarnie \u2013 Milan\u00f3wek, Grodzisk Mazowiecki, Brwin\u00f3w, Otr\u0119busy, Jaktor\u00f3w, Mi\u0119dzybor\u00f3w, \u017byrard\u00f3w","publisher":{"@id":"https:\/\/piekarniawitaszczyk.pl\/#organization"},"potentialAction":[{"@type":"SearchAction","target":{"@type":"EntryPoint","urlTemplate":"https:\/\/piekarniawitaszczyk.pl\/?s={search_term_string}"},"query-input":{"@type":"PropertyValueSpecification","valueRequired":true,"valueName":"search_term_string"}}],"inLanguage":"pl-PL"},{"@type":"Organization","@id":"https:\/\/piekarniawitaszczyk.pl\/#organization","name":"Piekarnia Witaszczyk zp. z o.o.","url":"https:\/\/piekarniawitaszczyk.pl\/","logo":{"@type":"ImageObject","inLanguage":"pl-PL","@id":"https:\/\/piekarniawitaszczyk.pl\/#\/schema\/logo\/image\/","url":"https:\/\/piekarniawitaszczyk.pl\/wp-content\/uploads\/2020\/03\/logo.jpg","contentUrl":"https:\/\/piekarniawitaszczyk.pl\/wp-content\/uploads\/2020\/03\/logo.jpg","width":298,"height":287,"caption":"Piekarnia Witaszczyk zp. z o.o."},"image":{"@id":"https:\/\/piekarniawitaszczyk.pl\/#\/schema\/logo\/image\/"},"sameAs":["https:\/\/www.facebook.com\/piekarniawitaszczyk"]}]}},"_links":{"self":[{"href":"https:\/\/piekarniawitaszczyk.pl\/index.php?rest_route=\/wp\/v2\/pages\/49","targetHints":{"allow":["GET"]}}],"collection":[{"href":"https:\/\/piekarniawitaszczyk.pl\/index.php?rest_route=\/wp\/v2\/pages"}],"about":[{"href":"https:\/\/piekarniawitaszczyk.pl\/index.php?rest_route=\/wp\/v2\/types\/page"}],"author":[{"embeddable":true,"href":"https:\/\/piekarniawitaszczyk.pl\/index.php?rest_route=\/wp\/v2\/users\/1"}],"replies":[{"embeddable":true,"href":"https:\/\/piekarniawitaszczyk.pl\/index.php?rest_route=%2Fwp%2Fv2%2Fcomments&post=49"}],"version-history":[{"count":74,"href":"https:\/\/piekarniawitaszczyk.pl\/index.php?rest_route=\/wp\/v2\/pages\/49\/revisions"}],"predecessor-version":[{"id":1271,"href":"https:\/\/piekarniawitaszczyk.pl\/index.php?rest_route=\/wp\/v2\/pages\/49\/revisions\/1271"}],"wp:attachment":[{"href":"https:\/\/piekarniawitaszczyk.pl\/index.php?rest_route=%2Fwp%2Fv2%2Fmedia&parent=49"}],"curies":[{"name":"wp","href":"https:\/\/api.w.org\/{rel}","templated":true}]}}