{"id":953,"date":"2019-03-14T08:18:38","date_gmt":"2019-03-14T08:18:38","guid":{"rendered":"http:\/\/piekarniajw.pl\/?page_id=953"},"modified":"2019-03-14T08:18:38","modified_gmt":"2019-03-14T08:18:38","slug":"chalka-pleciona","status":"publish","type":"page","link":"https:\/\/piekarniawitaszczyk.pl\/?page_id=953","title":{"rendered":"CHA\u0141KA PLECIONA"},"content":{"rendered":"<table>\n<tbody>\n<tr>\n<td width=\"50%\">430g (332 kcal\/ 1390 kJ w 100g)<\/td>\n<td style=\"vertical-align: middle; text-align: center;\" rowspan=\"4\"><img loading=\"lazy\" decoding=\"async\" class=\"alignright size-full wp-image-730\" src=\"http:\/\/piekarniawitaszczyk.pl\/wp-content\/uploads\/2019\/03\/chalka_pleciona.jpg\" alt=\"chalka_pleciona\" width=\"219\" height=\"293\" \/><\/td>\n<\/tr>\n<tr>\n<td>Pieczywo p\u00f3\u0142 cukiernicze pszenne posypane kruszonk\u0105.<\/td>\n<\/tr>\n<tr>\n<td><strong>Sk\u0142adniki<\/strong>:m\u0105ka pszenna, dro\u017cd\u017ce, woda, cukier, margaryna, s\u00f3l.<\/td>\n<\/tr>\n<tr>\n<td><em><span style=\"text-decoration: underline;\">Produkt zawiera gluten, mleko, jaja.<\/span><\/em><\/td>\n<\/tr>\n<\/tbody>\n<\/table>\n","protected":false},"excerpt":{"rendered":"<p>430g (332 kcal\/ 1390 kJ w 100g) Pieczywo p\u00f3\u0142 cukiernicze pszenne posypane kruszonk\u0105. Sk\u0142adniki:m\u0105ka pszenna, dro\u017cd\u017ce, woda, cukier, margaryna, s\u00f3l. Produkt zawiera gluten, mleko, jaja.<\/p>\n","protected":false},"author":1,"featured_media":0,"parent":948,"menu_order":0,"comment_status":"closed","ping_status":"closed","template":"","meta":{"footnotes":""},"class_list":["post-953","page","type-page","status-publish","hentry"],"yoast_head":"<!-- This site is optimized with the Yoast SEO plugin v27.2 - https:\/\/yoast.com\/product\/yoast-seo-wordpress\/ -->\n<title>CHA\u0141KA PLECIONA - Piekarnia Witaszczyk \u2013 tradycyjna piekarnia w Milan\u00f3wku<\/title>\n<meta name=\"robots\" content=\"index, follow, max-snippet:-1, max-image-preview:large, max-video-preview:-1\" \/>\n<link rel=\"canonical\" href=\"https:\/\/piekarniawitaszczyk.pl\/?page_id=953\" \/>\n<meta property=\"og:locale\" content=\"pl_PL\" \/>\n<meta property=\"og:type\" content=\"article\" \/>\n<meta property=\"og:title\" content=\"CHA\u0141KA PLECIONA - Piekarnia Witaszczyk \u2013 tradycyjna piekarnia w Milan\u00f3wku\" \/>\n<meta property=\"og:description\" content=\"430g (332 kcal\/ 1390 kJ w 100g) Pieczywo p\u00f3\u0142 cukiernicze pszenne posypane kruszonk\u0105. Sk\u0142adniki:m\u0105ka pszenna, dro\u017cd\u017ce, woda, cukier, margaryna, s\u00f3l. Produkt zawiera gluten, mleko, jaja.\" \/>\n<meta property=\"og:url\" content=\"https:\/\/piekarniawitaszczyk.pl\/?page_id=953\" \/>\n<meta property=\"og:site_name\" content=\"Piekarnia Witaszczyk \u2013 tradycyjna piekarnia w Milan\u00f3wku\" \/>\n<meta property=\"article:publisher\" content=\"https:\/\/www.facebook.com\/piekarniawitaszczyk\" \/>\n<meta property=\"og:image\" content=\"https:\/\/piekarniawitaszczyk.pl\/wp-content\/uploads\/2019\/03\/chalka_pleciona.jpg\" \/>\n\t<meta property=\"og:image:width\" content=\"219\" \/>\n\t<meta property=\"og:image:height\" content=\"293\" \/>\n\t<meta property=\"og:image:type\" content=\"image\/jpeg\" \/>\n<meta name=\"twitter:card\" content=\"summary_large_image\" \/>\n<script type=\"application\/ld+json\" class=\"yoast-schema-graph\">{\"@context\":\"https:\/\/schema.org\",\"@graph\":[{\"@type\":\"WebPage\",\"@id\":\"https:\/\/piekarniawitaszczyk.pl\/?page_id=953\",\"url\":\"https:\/\/piekarniawitaszczyk.pl\/?page_id=953\",\"name\":\"CHA\u0141KA PLECIONA - Piekarnia Witaszczyk \u2013 tradycyjna piekarnia w Milan\u00f3wku\",\"isPartOf\":{\"@id\":\"https:\/\/piekarniawitaszczyk.pl\/#website\"},\"primaryImageOfPage\":{\"@id\":\"https:\/\/piekarniawitaszczyk.pl\/?page_id=953#primaryimage\"},\"image\":{\"@id\":\"https:\/\/piekarniawitaszczyk.pl\/?page_id=953#primaryimage\"},\"thumbnailUrl\":\"http:\/\/piekarniawitaszczyk.pl\/wp-content\/uploads\/2019\/03\/chalka_pleciona.jpg\",\"datePublished\":\"2019-03-14T08:18:38+00:00\",\"breadcrumb\":{\"@id\":\"https:\/\/piekarniawitaszczyk.pl\/?page_id=953#breadcrumb\"},\"inLanguage\":\"pl-PL\",\"potentialAction\":[{\"@type\":\"ReadAction\",\"target\":[\"https:\/\/piekarniawitaszczyk.pl\/?page_id=953\"]}]},{\"@type\":\"ImageObject\",\"inLanguage\":\"pl-PL\",\"@id\":\"https:\/\/piekarniawitaszczyk.pl\/?page_id=953#primaryimage\",\"url\":\"https:\/\/piekarniawitaszczyk.pl\/wp-content\/uploads\/2019\/03\/chalka_pleciona.jpg\",\"contentUrl\":\"https:\/\/piekarniawitaszczyk.pl\/wp-content\/uploads\/2019\/03\/chalka_pleciona.jpg\",\"width\":219,\"height\":293},{\"@type\":\"BreadcrumbList\",\"@id\":\"https:\/\/piekarniawitaszczyk.pl\/?page_id=953#breadcrumb\",\"itemListElement\":[{\"@type\":\"ListItem\",\"position\":1,\"name\":\"Strona g\u0142\u00f3wna\",\"item\":\"https:\/\/piekarniawitaszczyk.pl\/\"},{\"@type\":\"ListItem\",\"position\":2,\"name\":\"PRODUKTY\",\"item\":\"https:\/\/piekarniawitaszczyk.pl\/?page_id=51\"},{\"@type\":\"ListItem\",\"position\":3,\"name\":\"WYROBY PIEKARNICZE\",\"item\":\"https:\/\/piekarniawitaszczyk.pl\/?page_id=143\"},{\"@type\":\"ListItem\",\"position\":4,\"name\":\"PIECZYWO P\u00d3\u0141 CUKIERNICZE\",\"item\":\"https:\/\/piekarniawitaszczyk.pl\/?page_id=948\"},{\"@type\":\"ListItem\",\"position\":5,\"name\":\"CHA\u0141KA PLECIONA\"}]},{\"@type\":\"WebSite\",\"@id\":\"https:\/\/piekarniawitaszczyk.pl\/#website\",\"url\":\"https:\/\/piekarniawitaszczyk.pl\/\",\"name\":\"Piekarnia Witaszczyk \u2013 tradycyjna piekarnia w Milan\u00f3wku\",\"description\":\"Chleb na zakwasie, ciasta, sklepo-kawiarnie \u2013 Milan\u00f3wek, Grodzisk Mazowiecki, Brwin\u00f3w, Otr\u0119busy, Jaktor\u00f3w, Mi\u0119dzybor\u00f3w, \u017byrard\u00f3w\",\"publisher\":{\"@id\":\"https:\/\/piekarniawitaszczyk.pl\/#organization\"},\"potentialAction\":[{\"@type\":\"SearchAction\",\"target\":{\"@type\":\"EntryPoint\",\"urlTemplate\":\"https:\/\/piekarniawitaszczyk.pl\/?s={search_term_string}\"},\"query-input\":{\"@type\":\"PropertyValueSpecification\",\"valueRequired\":true,\"valueName\":\"search_term_string\"}}],\"inLanguage\":\"pl-PL\"},{\"@type\":\"Organization\",\"@id\":\"https:\/\/piekarniawitaszczyk.pl\/#organization\",\"name\":\"Piekarnia Witaszczyk zp. z o.o.\",\"url\":\"https:\/\/piekarniawitaszczyk.pl\/\",\"logo\":{\"@type\":\"ImageObject\",\"inLanguage\":\"pl-PL\",\"@id\":\"https:\/\/piekarniawitaszczyk.pl\/#\/schema\/logo\/image\/\",\"url\":\"https:\/\/piekarniawitaszczyk.pl\/wp-content\/uploads\/2020\/03\/logo.jpg\",\"contentUrl\":\"https:\/\/piekarniawitaszczyk.pl\/wp-content\/uploads\/2020\/03\/logo.jpg\",\"width\":298,\"height\":287,\"caption\":\"Piekarnia Witaszczyk zp. z o.o.\"},\"image\":{\"@id\":\"https:\/\/piekarniawitaszczyk.pl\/#\/schema\/logo\/image\/\"},\"sameAs\":[\"https:\/\/www.facebook.com\/piekarniawitaszczyk\"]}]}<\/script>\n<!-- \/ Yoast SEO plugin. -->","yoast_head_json":{"title":"CHA\u0141KA PLECIONA - Piekarnia Witaszczyk \u2013 tradycyjna piekarnia w Milan\u00f3wku","robots":{"index":"index","follow":"follow","max-snippet":"max-snippet:-1","max-image-preview":"max-image-preview:large","max-video-preview":"max-video-preview:-1"},"canonical":"https:\/\/piekarniawitaszczyk.pl\/?page_id=953","og_locale":"pl_PL","og_type":"article","og_title":"CHA\u0141KA PLECIONA - Piekarnia Witaszczyk \u2013 tradycyjna piekarnia w Milan\u00f3wku","og_description":"430g (332 kcal\/ 1390 kJ w 100g) Pieczywo p\u00f3\u0142 cukiernicze pszenne posypane kruszonk\u0105. Sk\u0142adniki:m\u0105ka pszenna, dro\u017cd\u017ce, woda, cukier, margaryna, s\u00f3l. Produkt zawiera gluten, mleko, jaja.","og_url":"https:\/\/piekarniawitaszczyk.pl\/?page_id=953","og_site_name":"Piekarnia Witaszczyk \u2013 tradycyjna piekarnia w Milan\u00f3wku","article_publisher":"https:\/\/www.facebook.com\/piekarniawitaszczyk","og_image":[{"width":219,"height":293,"url":"https:\/\/piekarniawitaszczyk.pl\/wp-content\/uploads\/2019\/03\/chalka_pleciona.jpg","type":"image\/jpeg"}],"twitter_card":"summary_large_image","schema":{"@context":"https:\/\/schema.org","@graph":[{"@type":"WebPage","@id":"https:\/\/piekarniawitaszczyk.pl\/?page_id=953","url":"https:\/\/piekarniawitaszczyk.pl\/?page_id=953","name":"CHA\u0141KA PLECIONA - Piekarnia Witaszczyk \u2013 tradycyjna piekarnia w Milan\u00f3wku","isPartOf":{"@id":"https:\/\/piekarniawitaszczyk.pl\/#website"},"primaryImageOfPage":{"@id":"https:\/\/piekarniawitaszczyk.pl\/?page_id=953#primaryimage"},"image":{"@id":"https:\/\/piekarniawitaszczyk.pl\/?page_id=953#primaryimage"},"thumbnailUrl":"http:\/\/piekarniawitaszczyk.pl\/wp-content\/uploads\/2019\/03\/chalka_pleciona.jpg","datePublished":"2019-03-14T08:18:38+00:00","breadcrumb":{"@id":"https:\/\/piekarniawitaszczyk.pl\/?page_id=953#breadcrumb"},"inLanguage":"pl-PL","potentialAction":[{"@type":"ReadAction","target":["https:\/\/piekarniawitaszczyk.pl\/?page_id=953"]}]},{"@type":"ImageObject","inLanguage":"pl-PL","@id":"https:\/\/piekarniawitaszczyk.pl\/?page_id=953#primaryimage","url":"https:\/\/piekarniawitaszczyk.pl\/wp-content\/uploads\/2019\/03\/chalka_pleciona.jpg","contentUrl":"https:\/\/piekarniawitaszczyk.pl\/wp-content\/uploads\/2019\/03\/chalka_pleciona.jpg","width":219,"height":293},{"@type":"BreadcrumbList","@id":"https:\/\/piekarniawitaszczyk.pl\/?page_id=953#breadcrumb","itemListElement":[{"@type":"ListItem","position":1,"name":"Strona g\u0142\u00f3wna","item":"https:\/\/piekarniawitaszczyk.pl\/"},{"@type":"ListItem","position":2,"name":"PRODUKTY","item":"https:\/\/piekarniawitaszczyk.pl\/?page_id=51"},{"@type":"ListItem","position":3,"name":"WYROBY PIEKARNICZE","item":"https:\/\/piekarniawitaszczyk.pl\/?page_id=143"},{"@type":"ListItem","position":4,"name":"PIECZYWO P\u00d3\u0141 CUKIERNICZE","item":"https:\/\/piekarniawitaszczyk.pl\/?page_id=948"},{"@type":"ListItem","position":5,"name":"CHA\u0141KA PLECIONA"}]},{"@type":"WebSite","@id":"https:\/\/piekarniawitaszczyk.pl\/#website","url":"https:\/\/piekarniawitaszczyk.pl\/","name":"Piekarnia Witaszczyk \u2013 tradycyjna piekarnia w Milan\u00f3wku","description":"Chleb na zakwasie, ciasta, sklepo-kawiarnie \u2013 Milan\u00f3wek, Grodzisk Mazowiecki, Brwin\u00f3w, Otr\u0119busy, Jaktor\u00f3w, Mi\u0119dzybor\u00f3w, \u017byrard\u00f3w","publisher":{"@id":"https:\/\/piekarniawitaszczyk.pl\/#organization"},"potentialAction":[{"@type":"SearchAction","target":{"@type":"EntryPoint","urlTemplate":"https:\/\/piekarniawitaszczyk.pl\/?s={search_term_string}"},"query-input":{"@type":"PropertyValueSpecification","valueRequired":true,"valueName":"search_term_string"}}],"inLanguage":"pl-PL"},{"@type":"Organization","@id":"https:\/\/piekarniawitaszczyk.pl\/#organization","name":"Piekarnia Witaszczyk zp. z o.o.","url":"https:\/\/piekarniawitaszczyk.pl\/","logo":{"@type":"ImageObject","inLanguage":"pl-PL","@id":"https:\/\/piekarniawitaszczyk.pl\/#\/schema\/logo\/image\/","url":"https:\/\/piekarniawitaszczyk.pl\/wp-content\/uploads\/2020\/03\/logo.jpg","contentUrl":"https:\/\/piekarniawitaszczyk.pl\/wp-content\/uploads\/2020\/03\/logo.jpg","width":298,"height":287,"caption":"Piekarnia Witaszczyk zp. z o.o."},"image":{"@id":"https:\/\/piekarniawitaszczyk.pl\/#\/schema\/logo\/image\/"},"sameAs":["https:\/\/www.facebook.com\/piekarniawitaszczyk"]}]}},"_links":{"self":[{"href":"https:\/\/piekarniawitaszczyk.pl\/index.php?rest_route=\/wp\/v2\/pages\/953","targetHints":{"allow":["GET"]}}],"collection":[{"href":"https:\/\/piekarniawitaszczyk.pl\/index.php?rest_route=\/wp\/v2\/pages"}],"about":[{"href":"https:\/\/piekarniawitaszczyk.pl\/index.php?rest_route=\/wp\/v2\/types\/page"}],"author":[{"embeddable":true,"href":"https:\/\/piekarniawitaszczyk.pl\/index.php?rest_route=\/wp\/v2\/users\/1"}],"replies":[{"embeddable":true,"href":"https:\/\/piekarniawitaszczyk.pl\/index.php?rest_route=%2Fwp%2Fv2%2Fcomments&post=953"}],"version-history":[{"count":2,"href":"https:\/\/piekarniawitaszczyk.pl\/index.php?rest_route=\/wp\/v2\/pages\/953\/revisions"}],"predecessor-version":[{"id":955,"href":"https:\/\/piekarniawitaszczyk.pl\/index.php?rest_route=\/wp\/v2\/pages\/953\/revisions\/955"}],"up":[{"embeddable":true,"href":"https:\/\/piekarniawitaszczyk.pl\/index.php?rest_route=\/wp\/v2\/pages\/948"}],"wp:attachment":[{"href":"https:\/\/piekarniawitaszczyk.pl\/index.php?rest_route=%2Fwp%2Fv2%2Fmedia&parent=953"}],"curies":[{"name":"wp","href":"https:\/\/api.w.org\/{rel}","templated":true}]}}

CHAŁKA PLECIONA

<table>
<tbody>
<tr>
<td width="50%">430g (332 kcal/ 1390 kJ w 100g)</td>
<td style="vertical-align: middle; text-align: center;" rowspan="4"><img loading="lazy" decoding="async" class="alignright size-full wp-image-730" src="http://piekarniawitaszczyk.pl/wp-content/uploads/2019/03/chalka_pleciona.jpg" alt="chalka_pleciona" width="219" height="293" /></td>
</tr>
<tr>
<td>Pieczywo pół cukiernicze pszenne posypane kruszonką.</td>
</tr>
<tr>
<td><strong>Składniki</strong>:mąka pszenna, drożdże, woda, cukier, margaryna, sól.</td>
</tr>
<tr>
<td><em><span style="text-decoration: underline;">Produkt zawiera gluten, mleko, jaja.</span></em></td>
</tr>
</tbody>
</table>

<p>430g (332 kcal/ 1390 kJ w 100g) Pieczywo pół cukiernicze pszenne posypane kruszonką. Składniki:mąka pszenna, drożdże, woda, cukier, margaryna, sól. Produkt zawiera gluten, mleko, jaja.</p>

<!-- This site is optimized with the Yoast SEO plugin v27.2 - https://yoast.com/product/yoast-seo-wordpress/ -->
<title>CHAŁKA PLECIONA - Piekarnia Witaszczyk – tradycyjna piekarnia w Milanówku</title>
<meta name="robots" content="index, follow, max-snippet:-1, max-image-preview:large, max-video-preview:-1" />
<link rel="canonical" href="https://piekarniawitaszczyk.pl/?page_id=953" />
<meta property="og:locale" content="pl_PL" />
<meta property="og:type" content="article" />
<meta property="og:title" content="CHAŁKA PLECIONA - Piekarnia Witaszczyk – tradycyjna piekarnia w Milanówku" />
<meta property="og:description" content="430g (332 kcal/ 1390 kJ w 100g) Pieczywo pół cukiernicze pszenne posypane kruszonką. Składniki:mąka pszenna, drożdże, woda, cukier, margaryna, sól. Produkt zawiera gluten, mleko, jaja." />
<meta property="og:url" content="https://piekarniawitaszczyk.pl/?page_id=953" />
<meta property="og:site_name" content="Piekarnia Witaszczyk – tradycyjna piekarnia w Milanówku" />
<meta property="article:publisher" content="https://www.facebook.com/piekarniawitaszczyk" />
<meta property="og:image" content="https://piekarniawitaszczyk.pl/wp-content/uploads/2019/03/chalka_pleciona.jpg" />
	<meta property="og:image:width" content="219" />
	<meta property="og:image:height" content="293" />
	<meta property="og:image:type" content="image/jpeg" />
<meta name="twitter:card" content="summary_large_image" />
<script type="application/ld+json" class="yoast-schema-graph">{"@context":"https://schema.org","@graph":[{"@type":"WebPage","@id":"https://piekarniawitaszczyk.pl/?page_id=953","url":"https://piekarniawitaszczyk.pl/?page_id=953","name":"CHAŁKA PLECIONA - Piekarnia Witaszczyk – tradycyjna piekarnia w Milanówku","isPartOf":{"@id":"https://piekarniawitaszczyk.pl/#website"},"primaryImageOfPage":{"@id":"https://piekarniawitaszczyk.pl/?page_id=953#primaryimage"},"image":{"@id":"https://piekarniawitaszczyk.pl/?page_id=953#primaryimage"},"thumbnailUrl":"http://piekarniawitaszczyk.pl/wp-content/uploads/2019/03/chalka_pleciona.jpg","datePublished":"2019-03-14T08:18:38+00:00","breadcrumb":{"@id":"https://piekarniawitaszczyk.pl/?page_id=953#breadcrumb"},"inLanguage":"pl-PL","potentialAction":[{"@type":"ReadAction","target":["https://piekarniawitaszczyk.pl/?page_id=953"]}]},{"@type":"ImageObject","inLanguage":"pl-PL","@id":"https://piekarniawitaszczyk.pl/?page_id=953#primaryimage","url":"https://piekarniawitaszczyk.pl/wp-content/uploads/2019/03/chalka_pleciona.jpg","contentUrl":"https://piekarniawitaszczyk.pl/wp-content/uploads/2019/03/chalka_pleciona.jpg","width":219,"height":293},{"@type":"BreadcrumbList","@id":"https://piekarniawitaszczyk.pl/?page_id=953#breadcrumb","itemListElement":[{"@type":"ListItem","position":1,"name":"Strona główna","item":"https://piekarniawitaszczyk.pl/"},{"@type":"ListItem","position":2,"name":"PRODUKTY","item":"https://piekarniawitaszczyk.pl/?page_id=51"},{"@type":"ListItem","position":3,"name":"WYROBY PIEKARNICZE","item":"https://piekarniawitaszczyk.pl/?page_id=143"},{"@type":"ListItem","position":4,"name":"PIECZYWO PÓŁ CUKIERNICZE","item":"https://piekarniawitaszczyk.pl/?page_id=948"},{"@type":"ListItem","position":5,"name":"CHAŁKA PLECIONA"}]},{"@type":"WebSite","@id":"https://piekarniawitaszczyk.pl/#website","url":"https://piekarniawitaszczyk.pl/","name":"Piekarnia Witaszczyk – tradycyjna piekarnia w Milanówku","description":"Chleb na zakwasie, ciasta, sklepo-kawiarnie – Milanówek, Grodzisk Mazowiecki, Brwinów, Otrębusy, Jaktorów, Międzyborów, Żyrardów","publisher":{"@id":"https://piekarniawitaszczyk.pl/#organization"},"potentialAction":[{"@type":"SearchAction","target":{"@type":"EntryPoint","urlTemplate":"https://piekarniawitaszczyk.pl/?s={search_term_string}"},"query-input":{"@type":"PropertyValueSpecification","valueRequired":true,"valueName":"search_term_string"}}],"inLanguage":"pl-PL"},{"@type":"Organization","@id":"https://piekarniawitaszczyk.pl/#organization","name":"Piekarnia Witaszczyk zp. z o.o.","url":"https://piekarniawitaszczyk.pl/","logo":{"@type":"ImageObject","inLanguage":"pl-PL","@id":"https://piekarniawitaszczyk.pl/#/schema/logo/image/","url":"https://piekarniawitaszczyk.pl/wp-content/uploads/2020/03/logo.jpg","contentUrl":"https://piekarniawitaszczyk.pl/wp-content/uploads/2020/03/logo.jpg","width":298,"height":287,"caption":"Piekarnia Witaszczyk zp. z o.o."},"image":{"@id":"https://piekarniawitaszczyk.pl/#/schema/logo/image/"},"sameAs":["https://www.facebook.com/piekarniawitaszczyk"]}]}</script>
<!-- / Yoast SEO plugin. -->

CHAŁKA PLECIONA - Piekarnia Witaszczyk – tradycyjna piekarnia w Milanówku

430g (332 kcal/ 1390 kJ w 100g) Pieczywo pół cukiernicze pszenne posypane kruszonką. Składniki:mąka pszenna, drożdże, woda, cukier, margaryna, sól. Produkt zawiera gluten, mleko, jaja.

Piekarnia Witaszczyk – tradycyjna piekarnia w Milanówku

Strona główna

PIECZYWO PÓŁ CUKIERNICZE

Chleb na zakwasie, ciasta, sklepo-kawiarnie – Milanówek, Grodzisk Mazowiecki, Brwinów, Otrębusy, Jaktorów, Międzyborów, Żyrardów
